= z + -32. Suppose -2492 = -4*l - w*l. What is the hundreds digit of l?
1
Suppose -11*n + 1051 = -1006. What is the hundreds digit of n + -1 + (1 + 6)/7?
1
Let z(a) = 79*a - 184. What is the tens digit of z(83)?
7
Let t(c) = -c**2 - 25. Let r(x) = 2*x**2 + 51. Let p(i) = 3*r(i) + 5*t(i). Suppose 153 = -5*y - 12*y. What is the tens digit of p(y)?
0
Suppose -14*n - 7*n = -126. Let l(j) = 6*j**2 + 5*j + 8. Let d be l(8). Suppose n*m - d + 18 = 0. What is the units digit of m?
9
Let x be 30/6 - 9 - (11 + -3). Let l(n) be the first derivative of -2*n**2 + 28*n + 1. What is the tens digit of l(x)?
7
Suppose 5*y - 10*q + 25 = -15*q, y = 3*q + 3. What is the thousands digit of 877*y/((-18)/12)?
1
What is the tens digit of (-2795)/(1/(-4*(-4)/(-8)))?
9
Suppose 18*g - 28*g + 8*g = -26238. What is the hundreds digit of g?
1
Let v be (12/(-7))/(18/(-336)*4). Suppose 27*k - v*k = 9880. What is the hundreds digit of k?
5
Suppose 3*o + 108 = 3*x - 0*o, -5*x - 3*o = -204. Let y be (13/x*(0 + 0))/(-1). What is the tens digit of (-3 - (0 - y)) + (-1 - -276)?
7
Suppose -4*u - 2*w + 3*w - 19 = 0, 4*w + 26 = -u. Let l be ((u/9)/2)/((-1)/6). What is the tens digit of 850/15 - l/(-6)?
5
Let v(r) be the third derivative of -r**5/60 - 5*r**3/6 + 4*r**2. Let k be v(-4). Let u = k + 28. What is the units digit of u?
7
Suppose -143 + 1475 = 4*s. Let g = s + 233. What is the tens digit of g?
6
Suppose -v - 5*g = v - 7390, 2*v = -2*g + 7396. Suppose -20*s + 11000 + v = 0. What is the tens digit of s?
3
What is the thousands digit of 3 + 46988/3 - (-372)/279?
5
Suppose -24 = 5*v - 13*v. Suppose 5*d + j - 9 = 0, 4*d + v*j = 5*d - 5. Suppose -2*l + 3*h + 108 = d*l, l - 5*h - 44 = 0. What is the tens digit of l?
2
Let n(w) = 6676*w - 703. What is the tens digit of n(4)?
0
Let k be 2/(4/(-16)*(-8)/5). Suppose -2107 = k*h - 12*h. What is the units digit of h?
1
Let d(w) = -4*w**2 + 42*w + 8. Suppose 2*f - 3*m = -47, f + 4*f + 127 = -2*m. Let x = f - -34. What is the tens digit of d(x)?
6
Let w(c) = c**3 - 15*c**2 + 16*c - 1. Let k be w(14). Let b = k - 18. What is the units digit of (3060/8)/b*(2 - 0)?
5
Let v be (84/20 - 5)*(-7725)/10. Suppose 0 = 93*q - 95*q + v. What is the units digit of q?
9
Suppose -124 = -27*t + 92. Suppose 8655 = t*w + 519. What is the tens digit of w?
1
Let m = 18 - 34. What is the tens digit of 10/(720/117531) - (-6)/m?
3
Suppose -4*k + 64396 = 4*h, 8*h + 32186 = 2*k + 4*h. What is the tens digit of k?
9
Let q = -122 + 148. Suppose 0 = k - 5, 4*k - 14 - q = -a. What is the tens digit of a?
2
Suppose 19*q = 32*q + 26. What is the units digit of ((-2205)/30)/(q/20)?
5
Suppose 2*o + 9623 = -3*v + 25270, 5*o - 39107 = 3*v. What is the tens digit of o?
2
Let i be (-3 + 4)/(-1 + 2). Let h = i - -1. Suppose -s - 3*q = 2*q - 15, 36 = h*s + 4*q. What is the tens digit of s?
2
Suppose -55 = -s + 2*p, 2*s + 2*p - 178 = -50. Let v = 64 - s. Suppose 4*h = -0*h + 4, -v*o = h - 475. What is the tens digit of o?
5
Let t = 298 + -92. Suppose 210*z - t*z = 4812. What is the thousands digit of z?
1
Let v(x) = x**2 - 19*x - 185. Let a be v(-38). Suppose 5*t + p = a + 97, 3*p = t - 422. What is the tens digit of t?
1
Suppose 12*w = -2*a + 11*w + 416, -2*a - 5*w + 416 = 0. What is the units digit of a?
8
Let g be (0 + 4 + -2)*1. Let l(p) = -p - 12*p - g*p**2 - 146 + 162. What is the units digit of l(-7)?
9
What is the tens digit of (54 + -200)*1/(-2)?
7
Suppose 3*g - 4*c + 33 = 0, -3*c - 10 = -1. Let d be -12 - -36 - 9 - -61. Let p = g + d. What is the units digit of p?
1
Let i(c) = -c**2 - 22*c - 21. Let n be i(-21). Suppose n = -4*m + 2 + 14, -2*m = 3*g - 98. What is the tens digit of g?
3
Let h be -13*((-1)/(-1))/(-24 + 23). Suppose -h*m = -72 - 45. What is the units digit of m?
9
Let r be -5*(3/(-1) + 2). Suppose -34 = -5*b - r*s + 21, 3*s = 3*b - 21. What is the units digit of (-3)/b*-87 + -1?
8
Suppose 5*g - 35539 = -2*n, 4 = -g - 1. What is the hundreds digit of n?
7
Let h = 84 - 81. Suppose 0 = -5*c - 2*t + 3990, -h*c = t - 2490 + 96. What is the tens digit of c?
9
Let v be (-24)/(-14) + 16/(-56)*-1. Let a be -2*(8 - 8 - (v - -3)). What is the tens digit of 417/5 - 4/a?
8
Let d = -280 - -288. Let i(w) be the second derivative of -w**5/20 + 5*w**4/6 - 2*w**3/3 + 5*w**2 - 3*w. What is the units digit of i(d)?
6
Let x(c) = c**2 + 56*c - 784. What is the thousands digit of x(47)?
4
Let j be (-5 - (-186)/10)*610/4. Suppose -3*b + 1604 = -j. What is the hundreds digit of b?
2
Suppose -7*n - 6*n + 151288 + 75198 = 0. What is the ten thousands digit of n?
1
Let b be 2 + 0/(16/(-4)). Suppose b*s = -97 - 51. Let f = 11 - s. What is the tens digit of f?
8
Let k(b) = 18*b + 18. Let s(z) = -41*z - 31. Let q(r) = -42*r - 30. Let m(i) = 4*q(i) - 5*s(i). Let y(v) = -9*k(v) + 4*m(v). What is the units digit of y(-16)?
2
Suppose -4*q + 32 = 4*m, 0 - 4 = -m. Suppose q*w - 655 = 973. What is the tens digit of w?
0
Suppose 673*f - 61710 = 670*f - 5*s, -5*f + 2*s = -102912. What is the thousands digit of f?
0
Let s(u) = 821*u - 14676. What is the thousands digit of s(24)?
5
Suppose 5*m = -2*m + 14. Suppose -3*g = -m - 4. Let t(s) = 29*s**2 - 3*s - 2. What is the hundreds digit of t(g)?
1
Suppose 2*m - 5*t + 10 = 0, 31*t - 34*t + 6 = 3*m. What is the units digit of m + 7365/9 + (-2)/6?
8
Suppose -2*b - 7 = -b + 2*c, -2*b = -3*c + 35. Let y be 8/(-52) - 1/(b/2381). Suppose 4*g - 41 = y. What is the tens digit of g?
5
Suppose 3*d - 5*u + 7 = 0, -d - 16 = 5*u - 7. Let j be (d - -19)*3/9. Suppose -2*n + 4*k + 176 = 0, -3*k = -j*k. What is the tens digit of n?
8
Let i(z) = -37*z**3 - 9*z**2 + z - 4. What is the thousands digit of i(-4)?
2
Let u be (3 - 1 - 1)/((-9)/(-36)). What is the hundreds digit of (-615)/(1/(u/(-4)))?
6
Let k(m) = 14 + 3*m - 13*m - 2 - 3. What is the hundreds digit of k(-23)?
2
Suppose 0 = -16993*v + 17003*v - 657120. What is the tens digit of v?
1
Suppose -2*p - 10 = -2*x, 18 - 5 = -x - 5*p. Let h be 5 + (7 + -1)/(-3). Suppose -h*b = -y + b + 78, x*b + 284 = 4*y. What is the units digit of y?
0
Suppose 0 = 4*k - 652 - 592. Suppose -16*p + 233 + k = 0. What is the units digit of p?
4
Suppose -4*n + 16 = 0, 6*n + 428 = j + 8*n. Let z = 66 + j. What is the units digit of z?
6
Let w = 75 + -75. Suppose g - 2*t - 142 = w, 3*g - 2*g = 4*t + 144. What is the hundreds digit of g?
1
Let x(p) = 31*p - 42. Let w be x(9). Let o = 269 - w. What is the units digit of o?
2
Suppose -447*m = -451*m + 12. Let d be (-1 + 1)/(-1) + 4. Suppose 8*t = m*t + 3*l + 782, -4*t - d*l = -600. What is the tens digit of t?
5
Let l = 2932 + 6725. What is the units digit of l?
7
Suppose -302*w = -176*w - 4143410 + 228968. What is the tens digit of w?
6
Suppose -2*l + 11642 = s, -32*s + 29*s = 4*l - 23286. What is the units digit of l?
0
Let m(z) = z**3 + 91*z**2 + 321*z - 424. What is the ten thousands digit of m(-50)?
8
Suppose 0 = 4*w + h - 4323, 2*h = 2*w - 3*h - 2145. Suppose 60*r = 58*r + w. What is the hundreds digit of r?
5
Suppose 5*l + 7496 = 20951. What is the units digit of l?
1
Let w(t) = 35*t - 136. Let z be w(4). What is the units digit of ((168/(-10))/(-7))/(z/790)?
4
Suppose -5*f + 5*m + 9145 = 0, 26*m - 5489 = -3*f + 27*m. Suppose -10*s = f - 4520. What is the hundreds digit of s?
2
Suppose 95*d + 561274 = 142*d. What is the tens digit of d?
4
Suppose -4*g + 13190 = 2*s, 5*g - 13447 - 3053 = -5*s. What is the hundreds digit of g?
2
Suppose -5*u - 143 = -5*m - 578, 5*m + 25 = 0. Suppose 0 = -k + 2*n + u, 3*k + 3*n - 246 = 5*n. Suppose 3*q + k - 295 = 0. What is the units digit of q?
1
Let j = 10563 + -6585. What is the units digit of j/22 + (-16)/(-88)*1?
1
Suppose -2*i + 11 = -135. Let p = 71 - i. What is the units digit of 6740/45 + 1/(-9)*p?
0
Let o = -299 - -461. Let n = 108 + o. What is the tens digit of n?
7
Let v be (-9)/(7*7/49). Let n(a) = a**3 + 7*a**2 - 34*a. What is the units digit of n(v)?
4
Let o(u) = u - 1 + 0 - 5 + 2. Let a be o(5). What is the units digit of 2/(-13) + ((-496)/(-13))/a?
8
Suppose 34*w - 45 = 25*w. Suppose 0 = -w*l + 667 - 7. What is the tens digit of l?
3
Suppose 0 = 348*u - 353*u - 15, 88105 = 2*s - 3*u. What is the units digit of s?
8
Suppose 5*q = -4*x + 3*x - 20, -4 = -4*x + q. Let r be (2 - -9) + (-3 - x). Suppose -r*w = -11*w + 15. What is the 